common divisor of 84 and 8868?
12
Calculate the highest common factor of 49 and 84.
7
What is the highest common divisor of 9 and 2061?
9
What is the highest common factor of 4 and 206?
2
What is the greatest common factor of 2296 and 70?
14
Calculate the greatest common factor of 1581 and 46903.
527
Calculate the highest common divisor of 570 and 240.
30
What is the highest common factor of 280 and 4700?
20
Calculate the greatest common factor of 973 and 2224.
139
Calculate the greatest common divisor of 1272 and 7738.
106
What is the highest common divisor of 5658 and 184?
46
Calculate the greatest common divisor of 12 and 12.
12
Calculate the highest common divisor of 1332 and 72.
36
What is the greatest common factor of 964 and 5543?
241
Calculate the greatest common divisor of 80 and 460.
20
What is the greatest common divisor of 165 and 195?
15
Calculate the greatest common divisor of 19 and 4579.
19
Calculate the highest common factor of 4167 and 9.
9
What is the greatest common divisor of 1603 and 3893?
229
Calculate the greatest common divisor of 226 and 2.
2
Calculate the highest common divisor of 175 and 343.
7
What is the highest common divisor of 472 and 16?
8
What is the greatest common divisor of 50 and 121?
1
What is the greatest common divisor of 160 and 120?
40
What is the greatest common divisor of 29 and 4?
1
Calculate the highest common divisor of 45500 and 520.
260
Calculate the greatest common divisor of 61 and 671.
61
Calculate the highest common factor of 39 and 18.
3
What is the greatest common factor of 585 and 1?
1
Calculate the greatest common factor of 931 and 245.
49
What is the highest common divisor of 729 and 108?
27
Calculate the greatest common factor of 32 and 1136.
16
Calculate the greatest common divisor of 34 and 2125.
17
Calculate the greatest common divisor of 55955 and 62.
31
What is the greatest common factor of 48 and 41424?
48
What is the highest common divisor of 681 and 908?
227
What is the highest common divisor of 1445 and 170?
85
What is the greatest common divisor of 1962 and 6?
6
What is the highest common factor of 2184 and 8?
8
What is the greatest common divisor of 234 and 216?
18
Calculate the greatest common factor of 4117 and 895.
179
What is the highest common divisor of 2800 and 20?
20
Calculate the highest common divisor of 1592 and 199.
199
Calculate the highest common factor of 129 and 1978.
43
What is the highest common divisor of 30 and 135?
15
Calculate the highest common factor of 72 and 12060.
36
Calculate the greatest common factor of 5134 and 302.
302
What is the greatest common factor of 434 and 70?
14
What is the highest common factor of 664 and 10458?
166
Calculate the highest common divisor of 224 and 6496.
224
Calculate the greatest common factor of 34 and 5882.
34
What is the greatest common factor of 18468 and 76?
76
What is the greatest common factor of 6 and 465?
3
Calculate the highest common divisor of 798 and 168.
42
Calculate the highest common factor of 189 and 324.
27
Calculate the highest common divisor of 106 and 742.
106
Calculate the highest common factor of 174 and 1334.
58
Calculate the greatest common factor of 7 and 1.
1
Calculate the highest common divisor of 546 and 910.
182
Calculate the highest common divisor of 418 and 550.
22
Calculate the highest common factor of 162 and 54.
54
What is the highest common divisor of 150 and 1950?
150
What is the highest common factor of 32319 and 63?
63
Calculate the greatest common factor of 36 and 4032.
36
What is the highest common factor of 512 and 48?
16
What is the highest common divisor of 396 and 924?
132
What is the greatest common factor of 1075 and 75?
25
Calculate the greatest common divisor of 160 and 1568.
32
What is the greatest common factor of 7624 and 24?
8
What is the greatest common divisor of 248 and 16?
8
Calculate the highest common factor of 42 and 6.
6
What is the greatest common divisor of 9 and 1314?
9
Calculate the greatest common factor of 360 and 85.
5
Calculate the greatest common factor of 1338 and 6.
6
Calculate the highest common divisor of 164 and 84.
4
Calculate the greatest common factor of 204 and 228.
12
Calculate the highest common divisor of 11680 and 1825.
365
What is the greatest common divisor of 33 and 429?
33
Calculate the highest common factor of 370 and 70.
10
Calculate the greatest common factor of 72 and 738.
18
Calculate the greatest common factor of 875 and 175.
175
Calculate the greatest common divisor of 486 and 216.
54
Calculate the greatest common divisor of 46 and 621.
23
Calculate the highest common factor of 110 and 1342.
22
What is the highest common divisor of 633 and 14137?
211
Calculate the highest common factor of 535 and 145.
5
What is the highest common factor of 2085 and 15?
15
What is the greatest common factor of 464 and 64?
16
Calculate the highest common factor of 232 and 522.
58
What is the greatest common factor of 735 and 15?
15
Calculate the greatest common factor of 56 and 1904.
56
What is the greatest common divisor of 66 and 2112?
66
What is the highest common factor of 16 and 1328?
16
Calculate the highest common factor of 5513 and 185.
37
What is the highest common factor of 894 and 6?
6
Calculate the greatest common divisor of 40 and 30.
10
What is the highest common divisor of 153 and 27?
9
Calculate the greatest common divisor of 434 and 1274.
14
Calculate the highest common factor of 825 and 375.
75
Calculate the greatest common divisor of 9 and 369.
9
What is the greatest common factor of 78 and 325?
13
Calculate the greatest common divisor of 12 and 1092.
12
Calculate the highest common divisor of 21 and 2712.
3
What is the greatest common divisor of 20 and 310?
10
Calculate the highest common divisor of 510 and 969.
51
Calculate the highest common factor of 1023 and 1419.
33
What is the highest common factor of 1371 and 6?
3
Calculate the greatest common divisor of 952 and 8296.
136
Calculate the highest common factor of 83 and 6972.
83
Calculate the highest common divisor of 20 and 320.
20
What is the highest common factor of 378 and 168?
42
What is the greatest common factor of 1018 and 4?
2
Calculate the highest common divisor of 5754 and 14.
14
Calculate the highest common factor of 305 and 976.
61
Calculate the highest common divisor of 105 and 2445.
15
Calculate the highest common divisor of 174 and 438.
6
What is the greatest common factor of 12 and 3072?
12
What is the highest common factor of 81 and 63?
9
Calculate the greatest common factor of 480 and 13344.
96
What is the greatest common factor of 238 and 56?
14
Calculate the highest common divisor of 4661 and 118.
59
What is the highest common divisor of 688 and 16?
16
Calculate the greatest common divisor of 1247 and 580.
29
Calculate the greatest common factor of 92 and 3059.
23
What is the greatest common factor of 572 and 44?
44
What is the greatest common factor of 24 and 1212?
12
What is the highest common divisor of 8 and 2504?
8
What is the greatest common divisor of 231 and 231?
231
Calculate the greatest common factor of 702 and 78.
78
Calculate the highest common divisor of 45 and 35.
5
Calculate the highest common divisor of 160 and 10.
10
What is the highest common factor of 176 and 77?
11
What is the highest common factor of 130 and 39?
13
Calculate the greatest common factor of 1870 and 2530.
110
What is the greatest common factor of 2660 and 10?
10
What is the greatest common factor of 241 and 21449?
241
What is the greatest common divisor of 184 and 632?
8
What is the highest common divisor of 16 and 368?
16
Calculate the greatest common divisor of 140 and 56.
28
Calculate the greatest common factor of 80 and 95.
5
What is the highest common divisor of 595 and 5040?
35
Calculate the highest common divisor of 4921 and 19.
19
Calculate the greatest common divisor of 36 and 450.
18
Calculate the greatest common divisor of 39 and 15.
3
What is the greatest common factor of 15 and 15?
15
What is the highest common factor of 58 and 319?
29
Calculate the greatest common divisor of 64 and 31232.
64
What is the greatest common factor of 45 and 15?
15
What is the highest common factor of 1308 and 109?
109
What is the greatest common factor of 35 and 56?